8. Let x be o(-3). Suppose -x*c + 12*c + 18584 = 0. Is c prime?
False
Suppose -m + 4*j + 85 = 0, 0 = -2*m + 4*m + 4*j - 170. Let l be 1 - (-14)/(-10) - (-233359)/m. Suppose 0*r = 3*r - i - 2753, -3*i - l = -3*r. Is r prime?
True
Let w(c) = 1714*c - 1841. Is w(39) composite?
True
Is ((-8)/(-8) - 9) + 71767 a prime number?
False
Let q(z) = -3*z + 13. Let v be q(6). Let m be v/((-100)/112) - 2/(-5). Suppose -3*a + 11*f - m*f = -1849, 0 = -3*a + f + 1841. Is a prime?
True
Let g = 4334 - 332. Suppose 5*r - g = -r. Suppose 0 = -4*v + 3*v + r. Is v a composite number?
True
Suppose -166 + 151 = -5*f. Suppose 0 = 2*l + f*l - 3790. Suppose j = b + 3*j - 379, 5*j = -2*b + l. Is b prime?
True
Let l = -13220 + 29038. Suppose 37992 = 5*q - l. Is q a prime number?
False
Let u(t) = -6*t**3 + 4*t**2 + 14*t - 3. Let j be u(8). Let p = j + 15872. Is p composite?
True
Suppose 995*k + 3791709 - 697665 = 1007*k. Is k a composite number?
False
Let t = -5 - 3. Let h be (3 - -51)*6/t*-12. Suppose 2*k - h = 148. Is k a prime number?
True
Let i(t) = 23 - 7 - 8*t - 7 - 7. Let a be i(4). Is (7940/a)/(4/(-6)) a prime number?
True
Let l(m) = -m**2 + 6*m + 3. Let c be l(3). Suppose 4*r - 200 = c*r. Is 4 - ((-17464)/20 - 5/r) a composite number?
False
Suppose -2*i + 266117 = 68391. Is i a composite number?
True
Let t = 693517 + -300498. Is t composite?
True
Let u be 19/6 - (-7)/(-42). Suppose u*i - 4*i = -3*f - 8966, 26828 = 3*i + 5*f. Is i a composite number?
False
Let m(x) = -x**3 - 7*x**2 - 7*x - 3. Let c be m(-6). Let l(w) = -12*w - 21*w**2 + c + 30*w**2 - 19*w**2 + w**3 - 20. Is l(13) a prime number?
False
Let z be -4 + (-1013)/(-7) + (-6)/(-21). Suppose 0 = 5*k - 2*k - 78. Let o = z - k. Is o composite?
True
Suppose -20 = 4*f, -2*m = -m - f - 9. Let u = 386 + 4237. Suppose m*n - 973 = u. Is n composite?
False
Let f(s) = s**2 + 10*s + 1. Let k be f(-7). Let n be 5/k - (20067/(-12) - 1). Suppose 11*z - n = 4*z. Is z composite?
False
Let d be (9/(-12) - -1)*(3 - -49). Suppose 24*u - d*u = 66. Suppose -3*a + 4122 = 3*h, 0 = 3*a + 9 + u. Is h prime?
False
Let b(q) = 2*q**3 - 10*q**2 + 7*q - 6. Let m be b(6). Let n be (12/(-8) - -2)/((-3)/426). Let f = n + m. Is f composite?
False
Let v be 0/(-2*(-1)/(-2)) + -6. Let j be (12/(-18))/((-4)/v) + 1. Suppose -5*h - 1311 + 3706 = j. Is h a prime number?
True
Let a be -57599 + (-15 - 0)/(-3). Let n = -9175 - a. Is n composite?
True
Let w = 476 + 112. Let a = 1067 - w. Is a a prime number?
True
Is 12 + 5354 + 7 + 8 a composite number?
False
Suppose 184867 = 2483*u - 2482*u + 5*g, -4*u - 4*g + 739564 = 0. Is u prime?
False
Let p = 3174 + 8996. Suppose 18*q - 31660 = p. Is q a prime number?
False
Let h(i) = -32*i**3 + 5*i**2 + i + 2. Let z be h(4). Let p = z - -1100. Let s = 1275 + p. Is s a composite number?
True
Let q be 9/6 - 13214/(-4). Let c be q/(-65) + 4/(-26). Let y = 190 + c. Is y prime?
True
Let v = -68 + 183. Suppose 0 = 8*o + v + 197. Is (13/o)/(-1*1/3561) a prime number?
True
Let j(h) = 2*h**3 + 22*h**2 + h + 14. Let i be j(-11). Suppose i = 5*y - 12. Suppose 0*k - 3*k = 5*w - 6068, w - 1216 = -y*k. Is w a composite number?
False
Suppose -5*a + 369*v = 365*v - 2001913, -3*a + 1201140 = -5*v. Is a composite?
True
Suppose 5*j - 5*t = 46115, 0*j = -j - t + 9215. Suppose 0 = 5*r - 0*r + y - 9231, j = 5*r + 4*y. Is r a prime number?
True
Suppose 346*f - 273*f - 3043154 = -784023. Is f a composite number?
True
Suppose -7277520 = 18*y - 98*y. Is y a composite number?
True
Suppose 44 = 14*o - 10*o. Let v(y) = 9*y**3 + y**2 - 8*y + 35. Is v(o) a composite number?
True
Let w = -2308 - -3764. Suppose w = q - 759. Suppose q = -23*k + 28*k. Is k prime?
True
Let v be -70 - (21/12 + 1/4). Is 963 + ((-12)/(-10))/(v/(-240)) prime?
True
Suppose 878*o = 880*o - 33346. Is o a composite number?
False
Suppose 0*m + 7*m + 104314 = 0. Let k = m + 28095. Is k a composite number?
True
Let a(d) = -5*d + 33. Let v be a(6). Suppose 2*x + 5*g - 4126 = 0, -v*x + 6189 = -11*g + 8*g. Is x a composite number?
False
Let t(z) = 20*z + 73. Let l be t(7). Is l/4 + 4/16*-1 a composite number?
False
Let m(g) = -569*g - 1392. Is m(-37) a prime number?
True
Let m = -52827 - -115646. Is m a composite number?
False
Let y be (-3 + 40/15)*-12. Suppose 3*u - y*q - 2901 = -0*q, u - 967 = 5*q. Is u prime?
True
Suppose -6301662 = -51*v - 51*v. Is v prime?
True
Let c(h) = h**3 + 74*h**2 + 90*h + 466. Is c(-67) a composite number?
True
Let n(m) = -m**3 - 37*m**2 - 42*m + 231. Is n(-36) a composite number?
True
Suppose -117287 = -5*g + 2*y, -2*g - 2*y = 29649 - 76575. Is g a composite number?
False
Suppose -3*b + 4*f = -15962, -4*b = f - 22922 + 1671. Let u = b + -2681. Is u a prime number?
True
Suppose 26*s = 20*s + 2646. Let m be 1794/(-7) - 10/(-35). Let c = m + s. Is c a composite number?
True
Let w(p) = -16*p**3 + p. Let g be w(-1). Let v be (25/g - 2)*0. Suppose r = -v*r - 4*u + 270, 4 = u. Is r composite?
True
Suppose -14 - 70 = -12*r. Suppose -r*n - 4*i + 32721 = -2*n, 2*n = -5*i + 13102. Is n a composite number?
True
Let y be (3/(9/(-15)))/(-1). Let r(n) = 3332*n**2 + 4*n**3 + 4*n - 6673*n**2 + 3344*n**2 - 12. Is r(y) a composite number?
True
Let c be -8 + (-418566)/(3/1). Is 6/8 - 5/(200/c) prime?
False
Let r(m) = 396*m**2 + 18*m - 202. Is r(-10) composite?
True
Let u = 1244 - 706. Let z = -20 + u. Let x = -39 + z. Is x composite?
False
Suppose 0 = -2*b + 13*b - 55. Suppose 4*u = -b*j + 256, -j - 272 = -4*u - 2*j. Suppose -i - 2*r = -1197, 4*r + u + 1152 = i. Is i prime?
False
Suppose 23*v + 20986 = 30*v. Let f = 7239 - v. Is f a composite number?
False
Suppose 18*f - 4691071 - 5593769 = -2523654. Is f a prime number?
False
Suppose 154179 = 2*q + 3565. Is q a composite number?
False
Let q = -1880 - -1280. Suppose 0 = 4*a - 8*a + 2*u + 3564, 2*a + 5*u - 1806 = 0. Let k = q + a. Is k a composite number?
False
Let i(l) = -2*l**3 - 6*l**2 - 4*l + 2. Let n be i(-3). Suppose n = u - 4*j, -3*u - 6 + 0 = 4*j. Is ((-563)/u)/((-3)/6) composite?
False
Let g = -208550 + 387523. Is g composite?
False
Suppose 78*k + f = 77*k + 11032, -5*k = f - 55156. Is k a prime number?
False
Let n(c) = c**2 - 8*c + 20. Let a be n(7). Let l(b) = 541*b + 30. Is l(a) composite?
True
Let m = -203 + 207. Is m/9 - ((-44727)/27 + 6) a prime number?
False
Let w(b) = -138*b - 7. Suppose 18 = q - 0*q. Let z = q + -29. Is w(z) a composite number?
False
Let k = 173 - 178. Is ((-211638)/(-15))/(k*(-14)/175) a composite number?
True
Let w be ((-2)/(-6))/(-11 - (-361216)/32838). Let n = 9714 + w. Is n prime?
True
Let m = 294 + -286. Suppose -10*c + 1738 = -m*c. Is c composite?
True
Let w(l) be the first derivative of 407*l**2 - 21*l - 9. Let h = 89 + -82. Is w(h) a prime number?
False
Let y(n) = -n. Let h(d) = 10*d - 38. Let x(w) = -h(w) - y(w). Is x(-17) composite?
False
Let s = 1420746 - 343585. Is s prime?
True
Suppose 2*x + 1547 = 9*x. Suppose 0 = 5*y - x - 459. Let k = y - 51. Is k a prime number?
False
Let v(f) = -9 + 1 - 1 + 447*f**3 + 2 - 10 + f - 4*f**2. Is v(5) prime?
True
Let c = 332173 + -177750. Is c a composite number?
False
Let v be (-8155)/(-20)*-42 + (-2)/4. Let q = v + 31966. Is 1 - (-12)/(-9) - q/(-6) a prime number?
True
Suppose 2752 = 3*m + 5*u, -5*m + 285 = 5*u - 4305. Suppose -a + m = -n + 5*n, -5*a + 4541 = 2*n. Is a prime?
True
Suppose -2*x - 16 = -30*m + 34*m, x + 3*m = -9. Let o(b) = -4*b**3 + 5*b**2 + 10*b + 22. Is o(x) composite?
True
Suppose 79*k = 81*k - 36. Let y(m) = 154*m**2 - 40*m + 97. Is y(k) composite?
True
Suppose 0 = -6*b - 35 + 47. Suppose 0 = m - b*p - 7, -m - 5*p + 11 = -24. Suppose 0 = -l - 4*l + 2*c + 9481, m = -5*c. Is l a prime number?
False
Suppose -2*j + g - 674 = 0, 0*j + 4*j + 3*g + 1338 = 0. Let i = j - -6581. Is i composite?
True
Is 154 + -144 + 1 + 23048 composite?
False
Suppose 205*r - 210*r = -5. Is (7919/r)/(5 - 4) composite?
False
Let u = 308 + -344. Let j(w) = 7*w**2 + 11*w - 67. Is j(u) a prime number?
True
Let f(o) = -2719*o - 3881. Is f(-28) a composite number?
False
Suppose 5*n = n + 24. Let g(v) be the first derivative of 9*v**4/4 - v**3/3 + v**2/2 + 13*v + 12. Is g(n) composite?
True
Is ((-33)/((-132)/2907560))/(6/9) - 2 a prime number?
True
Let y(d) = 1512*d - 1759. Is y(25) prime?
False
Let i(a) = 23 - 1 + 13*a - 15*a. Let r be i(10). S